{"id":6243,"date":"2018-02-16T07:51:47","date_gmt":"2018-02-16T06:51:47","guid":{"rendered":"https:\/\/man-in-tree.at\/?page_id=6243"},"modified":"2023-11-09T13:06:53","modified_gmt":"2023-11-09T12:06:53","slug":"datenschutz-2","status":"publish","type":"page","link":"https:\/\/man-in-tree.at\/?page_id=6243","title":{"rendered":"Datenschutz"},"content":{"rendered":"<h3>Erkl\u00e4rung zur Informationspflicht<\/h3>\n<p>&nbsp;<\/p>\n<p align=\"center\"><strong>Datenschutzerkl\u00e4rung<\/strong><\/p>\n<p>In folgender Datenschutzerkl\u00e4rung informieren wir Sie \u00fcber die wichtigsten Aspekte der Datenverarbeitung im Rahmen unserer Webseite. Wir erheben und verarbeiten personenbezogene Daten nur auf Grundlage der gesetzlichen Bestimmungen (Datenschutzgrundverordnung, Telekommunikationsgesetz 2003).<\/p>\n<p>Sobald Sie als Benutzer auf unsere Webseite zugreifen oder diese besuchen wird Ihre IP-Adresse, Beginn sowie Beginn und Ende der Sitzung erfasst. Dies ist technisch bedingt und stellt somit ein berechtigtes Interesse iSv Art 6 Abs 1 lit f DSGVO.<\/p>\n<h5>Kontakt mit uns<\/h5>\n<p>Wenn Sie uns, entweder \u00fcber unser Kontaktformular auf unserer Webseite, oder per Email kontaktieren, dann werden die von Ihnen an uns \u00fcbermittelten Daten zwecks Bearbeitung Ihrer Anfrage oder f\u00fcr den Fall von weiteren Anschlussfragen f\u00fcr sechs Monate bei uns gespeichert. Es erfolgt, ohne Ihre Einwilligung, keine Weitergabe Ihrer \u00fcbermittelten Daten.<\/p>\n<h5>Cookies<\/h5>\n<p>Unsere Website verwendet so genannte Cookies. Dabei handelt es sich um kleine Textdateien, die mit Hilfe des Browsers auf Ihrem Endger\u00e4t abgelegt werden. Sie richten keinen Schaden an. Wir nutzen Cookies dazu, unser Angebot nutzerfreundlich zu gestalten. Einige Cookies bleiben auf Ihrem Endger\u00e4t gespeichert, bis Sie diese l\u00f6schen. Sie erm\u00f6glichen es uns, Ihren Browser beim n\u00e4chsten Besuch wiederzuerkennen. Wenn Sie dies nicht w\u00fcnschen, so k\u00f6nnen Sie Ihren Browser so einrichten, dass er Sie \u00fcber das Setzen von Cookies informiert und Sie dies nur im Einzelfall erlauben. Bei der Deaktivierung von Cookies kann die Funktionalit\u00e4t unserer Website eingeschr\u00e4nkt sein.<\/p>\n<h5>Server-Log Files<\/h5>\n<p>Diese Webseite und der damit verbundene Provider erhebt im Zuge der Webseitennutzung automatisch Informationen im Rahmen sogenannter \u201eServer-Log Files\u201c. Dies betrifft insbesondere:<\/p>\n<ul>\n<li>IP-Adresse oder Hostname<\/li>\n<li>den verwendeten Browser<\/li>\n<li>Aufenthaltsdauer auf der Webseite sowie Datum und Uhrzeit<\/li>\n<li>aufgerufene Seiten der Webseite<\/li>\n<li>Spracheinstellungen und Betriebssystem<\/li>\n<li>\u201eLeaving-Page\u201c (auf welcher URL hat der Benutzer die Webseite verlassen)<\/li>\n<li>ISP (Internet Service Provider)<\/li>\n<\/ul>\n<p>Diese erhobenen Informationen werden nicht personenbezogen verarbeitet oder mit personenbezogenen Daten in Verbindung gebracht.<\/p>\n<p>Der Webseitenbetreiber beh\u00e4lt es sich vor, im Falle von Bekanntwerden rechtswidriger T\u00e4tigkeiten, diese Daten auszuwerten oder zu \u00fcberpr\u00fcfen.<\/p>\n<h5>Ihre Rechte als Betroffener<\/h5>\n<p>Sie als Betroffener haben bez\u00fcglich Ihrer Daten, welche bei uns gespeichert sind grunds\u00e4tzlich ein Recht auf:<\/p>\n<ul>\n<li>Auskunft<\/li>\n<li>L\u00f6schung der Daten<\/li>\n<li>Berichtigung der Daten<\/li>\n<li>\u00dcbertragbarkeit der Daten<\/li>\n<li>Wiederruf und Widerspruch zur Datenverarbeitung<\/li>\n<li>Einschr\u00e4nkung<\/li>\n<\/ul>\n<p>Wenn sie vermuten, dass im Zuge der Verarbeitung Ihrer Daten Verst\u00f6\u00dfe gegen das Datenschutzrecht passiert sind, so haben Sie die M\u00f6glichkeit sich bei uns (man-in-tree@gmx.at) oder der Datenschutzbeh\u00f6rde zu beschweren.<\/p>\n<h5>Sie erreichen uns unter folgenden Kontaktdaten:<\/h5>\n<p><b>Webseitenbetreiber:<\/b> Johannes Scheiber<br \/><b>Telefonnummer:<\/b> +43 (0) 664\/216 6057<br \/><b>Email:<\/b> man-in-tree@gmx.at<\/p>\n<p>Quelle: <b><a href=\"https:\/\/www.rechtstexte-generator.at\/dsgvo-generator-oesterreich\/\">Datenschutz DSGVO Generator<\/a><\/b> in Kooperation mit <br \/><b><a href=\"https:\/\/www.ortner-rechtsanwalt.at\/rechtsanwalt-eherecht-scheidungsrecht-obsorgerecht\/\">Rechtsanwalt Wien Scheidung<\/a><\/b><\/p>\n","protected":false},"excerpt":{"rendered":"<p>Erkl\u00e4rung zur Informationspflicht &nbsp; Datenschutzerkl\u00e4rung In folgender Datenschutzerkl\u00e4rung informieren wir Sie \u00fcber die wichtigsten Aspekte der Datenverarbeitung im Rahmen unserer Webseite. Wir erheben und verarbeiten personenbezogene Daten nur auf Grundlage der gesetzlichen Bestimmungen (Datenschutzgrundverordnung, Telekommunikationsgesetz 2003). Sobald Sie als Benutzer auf unsere Webseite zugreifen oder diese besuchen wird Ihre IP-Adresse, Beginn sowie Beginn und Ende&#8230;<\/p>\n","protected":false},"author":1,"featured_media":0,"parent":0,"menu_order":0,"comment_status":"closed","ping_status":"closed","template":"","meta":{"footnotes":""},"class_list":["post-6243","page","type-page","status-publish","hentry"],"yoast_head":"<!-- This site is optimized with the Yoast SEO plugin v27.4 - https:\/\/yoast.com\/product\/yoast-seo-wordpress\/ -->\n<title>Datenschutz &#8211; Man in TrEE<\/title>\n<meta name=\"robots\" content=\"noindex, nofollow\" \/>\n<meta property=\"og:locale\" content=\"de_DE\" \/>\n<meta property=\"og:type\" content=\"article\" \/>\n<meta property=\"og:title\" content=\"Datenschutz &#8211; Man in TrEE\" \/>\n<meta property=\"og:description\" content=\"Erkl\u00e4rung zur Informationspflicht &nbsp; Datenschutzerkl\u00e4rung In folgender Datenschutzerkl\u00e4rung informieren wir Sie \u00fcber die wichtigsten Aspekte der Datenverarbeitung im Rahmen unserer Webseite. Wir erheben und verarbeiten personenbezogene Daten nur auf Grundlage der gesetzlichen Bestimmungen (Datenschutzgrundverordnung, Telekommunikationsgesetz 2003). Sobald Sie als Benutzer auf unsere Webseite zugreifen oder diese besuchen wird Ihre IP-Adresse, Beginn sowie Beginn und Ende...\" \/>\n<meta property=\"og:url\" content=\"https:\/\/man-in-tree.at\/?page_id=6243\" \/>\n<meta property=\"og:site_name\" content=\"Man in TrEE\" \/>\n<meta property=\"article:modified_time\" content=\"2023-11-09T12:06:53+00:00\" \/>\n<meta name=\"twitter:card\" content=\"summary_large_image\" \/>\n<meta name=\"twitter:label1\" content=\"Gesch\u00e4tzte Lesezeit\" \/>\n\t<meta name=\"twitter:data1\" content=\"42\u00a0Minuten\" \/>\n<script type=\"application\/ld+json\" class=\"yoast-schema-graph\">{\"@context\":\"https:\\\/\\\/schema.org\",\"@graph\":[{\"@type\":\"WebPage\",\"@id\":\"https:\\\/\\\/man-in-tree.at\\\/?page_id=6243\",\"url\":\"https:\\\/\\\/man-in-tree.at\\\/?page_id=6243\",\"name\":\"Datenschutz &#8211; Man in TrEE\",\"isPartOf\":{\"@id\":\"https:\\\/\\\/man-in-tree.at\\\/#website\"},\"datePublished\":\"2018-02-16T06:51:47+00:00\",\"dateModified\":\"2023-11-09T12:06:53+00:00\",\"breadcrumb\":{\"@id\":\"https:\\\/\\\/man-in-tree.at\\\/?page_id=6243#breadcrumb\"},\"inLanguage\":\"de\",\"potentialAction\":[{\"@type\":\"ReadAction\",\"target\":[\"https:\\\/\\\/man-in-tree.at\\\/?page_id=6243\"]}]},{\"@type\":\"BreadcrumbList\",\"@id\":\"https:\\\/\\\/man-in-tree.at\\\/?page_id=6243#breadcrumb\",\"itemListElement\":[{\"@type\":\"ListItem\",\"position\":1,\"name\":\"Startseite\",\"item\":\"https:\\\/\\\/man-in-tree.at\\\/\"},{\"@type\":\"ListItem\",\"position\":2,\"name\":\"Datenschutz\"}]},{\"@type\":\"WebSite\",\"@id\":\"https:\\\/\\\/man-in-tree.at\\\/#website\",\"url\":\"https:\\\/\\\/man-in-tree.at\\\/\",\"name\":\"Man in TrEE\",\"description\":\"MAN IN TrEE Baumabtragungen Brennholz Holzschl\u00e4gerung Spezialf\u00e4llungen\",\"publisher\":{\"@id\":\"https:\\\/\\\/man-in-tree.at\\\/#organization\"},\"potentialAction\":[{\"@type\":\"SearchAction\",\"target\":{\"@type\":\"EntryPoint\",\"urlTemplate\":\"https:\\\/\\\/man-in-tree.at\\\/?s={search_term_string}\"},\"query-input\":{\"@type\":\"PropertyValueSpecification\",\"valueRequired\":true,\"valueName\":\"search_term_string\"}}],\"inLanguage\":\"de\"},{\"@type\":\"Organization\",\"@id\":\"https:\\\/\\\/man-in-tree.at\\\/#organization\",\"name\":\"MAN IN TrEE \u2013 Johannes Scheiber\",\"url\":\"https:\\\/\\\/man-in-tree.at\\\/\",\"logo\":{\"@type\":\"ImageObject\",\"inLanguage\":\"de\",\"@id\":\"https:\\\/\\\/man-in-tree.at\\\/#\\\/schema\\\/logo\\\/image\\\/\",\"url\":\"https:\\\/\\\/man-in-tree.at\\\/wp-content\\\/uploads\\\/2018\\\/02\\\/man-in-tree-logo.png\",\"contentUrl\":\"https:\\\/\\\/man-in-tree.at\\\/wp-content\\\/uploads\\\/2018\\\/02\\\/man-in-tree-logo.png\",\"width\":860,\"height\":607,\"caption\":\"MAN IN TrEE \u2013 Johannes Scheiber\"},\"image\":{\"@id\":\"https:\\\/\\\/man-in-tree.at\\\/#\\\/schema\\\/logo\\\/image\\\/\"},\"sameAs\":[\"http:\\\/\\\/www.instagram.com\\\/man_in_tree10\"]}]}<\/script>\n<!-- \/ Yoast SEO plugin. -->","yoast_head_json":{"title":"Datenschutz &#8211; Man in TrEE","robots":{"index":"noindex","follow":"nofollow"},"og_locale":"de_DE","og_type":"article","og_title":"Datenschutz &#8211; Man in TrEE","og_description":"Erkl\u00e4rung zur Informationspflicht &nbsp; Datenschutzerkl\u00e4rung In folgender Datenschutzerkl\u00e4rung informieren wir Sie \u00fcber die wichtigsten Aspekte der Datenverarbeitung im Rahmen unserer Webseite. Wir erheben und verarbeiten personenbezogene Daten nur auf Grundlage der gesetzlichen Bestimmungen (Datenschutzgrundverordnung, Telekommunikationsgesetz 2003). Sobald Sie als Benutzer auf unsere Webseite zugreifen oder diese besuchen wird Ihre IP-Adresse, Beginn sowie Beginn und Ende...","og_url":"https:\/\/man-in-tree.at\/?page_id=6243","og_site_name":"Man in TrEE","article_modified_time":"2023-11-09T12:06:53+00:00","twitter_card":"summary_large_image","twitter_misc":{"Gesch\u00e4tzte Lesezeit":"42\u00a0Minuten"},"schema":{"@context":"https:\/\/schema.org","@graph":[{"@type":"WebPage","@id":"https:\/\/man-in-tree.at\/?page_id=6243","url":"https:\/\/man-in-tree.at\/?page_id=6243","name":"Datenschutz &#8211; Man in TrEE","isPartOf":{"@id":"https:\/\/man-in-tree.at\/#website"},"datePublished":"2018-02-16T06:51:47+00:00","dateModified":"2023-11-09T12:06:53+00:00","breadcrumb":{"@id":"https:\/\/man-in-tree.at\/?page_id=6243#breadcrumb"},"inLanguage":"de","potentialAction":[{"@type":"ReadAction","target":["https:\/\/man-in-tree.at\/?page_id=6243"]}]},{"@type":"BreadcrumbList","@id":"https:\/\/man-in-tree.at\/?page_id=6243#breadcrumb","itemListElement":[{"@type":"ListItem","position":1,"name":"Startseite","item":"https:\/\/man-in-tree.at\/"},{"@type":"ListItem","position":2,"name":"Datenschutz"}]},{"@type":"WebSite","@id":"https:\/\/man-in-tree.at\/#website","url":"https:\/\/man-in-tree.at\/","name":"Man in TrEE","description":"MAN IN TrEE Baumabtragungen Brennholz Holzschl\u00e4gerung Spezialf\u00e4llungen","publisher":{"@id":"https:\/\/man-in-tree.at\/#organization"},"potentialAction":[{"@type":"SearchAction","target":{"@type":"EntryPoint","urlTemplate":"https:\/\/man-in-tree.at\/?s={search_term_string}"},"query-input":{"@type":"PropertyValueSpecification","valueRequired":true,"valueName":"search_term_string"}}],"inLanguage":"de"},{"@type":"Organization","@id":"https:\/\/man-in-tree.at\/#organization","name":"MAN IN TrEE \u2013 Johannes Scheiber","url":"https:\/\/man-in-tree.at\/","logo":{"@type":"ImageObject","inLanguage":"de","@id":"https:\/\/man-in-tree.at\/#\/schema\/logo\/image\/","url":"https:\/\/man-in-tree.at\/wp-content\/uploads\/2018\/02\/man-in-tree-logo.png","contentUrl":"https:\/\/man-in-tree.at\/wp-content\/uploads\/2018\/02\/man-in-tree-logo.png","width":860,"height":607,"caption":"MAN IN TrEE \u2013 Johannes Scheiber"},"image":{"@id":"https:\/\/man-in-tree.at\/#\/schema\/logo\/image\/"},"sameAs":["http:\/\/www.instagram.com\/man_in_tree10"]}]}},"_links":{"self":[{"href":"https:\/\/man-in-tree.at\/index.php?rest_route=\/wp\/v2\/pages\/6243","targetHints":{"allow":["GET"]}}],"collection":[{"href":"https:\/\/man-in-tree.at\/index.php?rest_route=\/wp\/v2\/pages"}],"about":[{"href":"https:\/\/man-in-tree.at\/index.php?rest_route=\/wp\/v2\/types\/page"}],"author":[{"embeddable":true,"href":"https:\/\/man-in-tree.at\/index.php?rest_route=\/wp\/v2\/users\/1"}],"replies":[{"embeddable":true,"href":"https:\/\/man-in-tree.at\/index.php?rest_route=%2Fwp%2Fv2%2Fcomments&post=6243"}],"version-history":[{"count":8,"href":"https:\/\/man-in-tree.at\/index.php?rest_route=\/wp\/v2\/pages\/6243\/revisions"}],"predecessor-version":[{"id":6344,"href":"https:\/\/man-in-tree.at\/index.php?rest_route=\/wp\/v2\/pages\/6243\/revisions\/6344"}],"wp:attachment":[{"href":"https:\/\/man-in-tree.at\/index.php?rest_route=%2Fwp%2Fv2%2Fmedia&parent=6243"}],"curies":[{"name":"wp","href":"https:\/\/api.w.org\/{rel}","templated":true}]}}